{"id":60,"date":"2020-11-15T13:55:26","date_gmt":"2020-11-15T12:55:26","guid":{"rendered":"https:\/\/hofholzweg.wordpress.com\/?page_id=60"},"modified":"2025-09-18T20:57:48","modified_gmt":"2025-09-18T18:57:48","slug":"stellplatze-fur-pferde","status":"publish","type":"page","link":"https:\/\/hof-holzweg.de\/index.php\/stellplatze-fur-pferde\/","title":{"rendered":"Stellpl\u00e4tze f\u00fcr Pferde"},"content":{"rendered":"\n<figure class=\"wp-block-image size-large\"><img loading=\"lazy\" decoding=\"async\" width=\"1024\" height=\"1024\" src=\"https:\/\/hof-holzweg.de\/wp-content\/uploads\/2025\/06\/Collage_3-1024x1024.jpg\" alt=\"Collage Hof Holzweg\" class=\"wp-image-504\" srcset=\"https:\/\/hof-holzweg.de\/wp-content\/uploads\/2025\/06\/Collage_3-1024x1024.jpg 1024w, https:\/\/hof-holzweg.de\/wp-content\/uploads\/2025\/06\/Collage_3-300x300.jpg 300w, https:\/\/hof-holzweg.de\/wp-content\/uploads\/2025\/06\/Collage_3-150x150.jpg 150w, https:\/\/hof-holzweg.de\/wp-content\/uploads\/2025\/06\/Collage_3-768x768.jpg 768w, https:\/\/hof-holzweg.de\/wp-content\/uploads\/2025\/06\/Collage_3-1536x1536.jpg 1536w, https:\/\/hof-holzweg.de\/wp-content\/uploads\/2025\/06\/Collage_3-2048x2048.jpg 2048w\" sizes=\"auto, (max-width: 1024px) 100vw, 1024px\" \/><\/figure>\n\n\n\n<p><\/p>\n\n\n\n<p>Unser Hof bietet Einstellpl\u00e4tze f\u00fcr Pferde seit dem 01.12.2020. Orfgen liegt nahe an der B256 und wir befinden uns ca 14 km von der A3 und 23 km von A560 entfernt.<\/p>\n\n\n\n<p>Der Hof Holzweg ist ein Aussiedlerhof und bietet sch\u00f6nes, unbegrenztes Ausreitgel\u00e4nde \u00fcber die Feld- und Waldwege in der Umgebung. Die Pferde sind in einem Bewegungsstall untergebracht mit ganzt\u00e4gig zug\u00e4nglichem Paddock. Au\u00dferdem erhalten die Pferde Rund-um-die-Uhr Zugang zu unserem Heu. Die F\u00fctterung erfolgt an verschiedenen Fresspl\u00e4tzen, sowohl im Stall, als auch auf dem Paddock. Vom Paddock aus kommt man direkt zu den gro\u00dfz\u00fcgigen Weiden, sodass die Pferde eigenst\u00e4ndig zwischen Wiese und Stall wechseln k\u00f6nnen. Heu und Stroh stammen aus \u00f6kologischem Anbau.<\/p>\n\n\n\n<p>Sattelkammer, Waschplatz und Anbindepl\u00e4tze sind vorhanden. Ebenso gibt es einen kleinen, sowie einen gro\u00dfen Longierzirkel. Ein Bewegungsplatz (20 m x 40 m) steht ebenfalls zur Verf\u00fcgung. PKW- und H\u00e4ngerparkpl\u00e4tze befinden sich direkt am Stall. Der monatliche Pensionspreis pro Pferd betr\u00e4gt 315,00 \u20ac.<\/p>\n\n\n\n<p>F\u00fcr weitere Informationen oder bei Fragen k\u00f6nnen Sie sich gerne bei uns melden, siehe <a href=\"https:\/\/hofholzweg.wordpress.com\/contact\/\">Kontakt<\/a>. Sie k\u00f6nnen uns auch gerne eine Telefonnummer hinterlassen und wir rufen Sie zur\u00fcck.<\/p>\n\n\n\n<p><\/p>\n\n\n\n<h2 class=\"wp-block-heading\">Au\u00dfenanlagen mit Longierzirkel und Reitplatz<\/h2>\n\n\n\n<figure class=\"wp-block-image size-large\"><img loading=\"lazy\" decoding=\"async\" width=\"1024\" height=\"1024\" src=\"https:\/\/hof-holzweg.de\/wp-content\/uploads\/2025\/06\/Collage_1-2-1024x1024.jpg\" alt=\"Collage Au\u00dfenanlage Stall\" class=\"wp-image-506\" srcset=\"https:\/\/hof-holzweg.de\/wp-content\/uploads\/2025\/06\/Collage_1-2-1024x1024.jpg 1024w, https:\/\/hof-holzweg.de\/wp-content\/uploads\/2025\/06\/Collage_1-2-300x300.jpg 300w, https:\/\/hof-holzweg.de\/wp-content\/uploads\/2025\/06\/Collage_1-2-150x150.jpg 150w, https:\/\/hof-holzweg.de\/wp-content\/uploads\/2025\/06\/Collage_1-2-768x768.jpg 768w, https:\/\/hof-holzweg.de\/wp-content\/uploads\/2025\/06\/Collage_1-2-1536x1536.jpg 1536w, https:\/\/hof-holzweg.de\/wp-content\/uploads\/2025\/06\/Collage_1-2-2048x2048.jpg 2048w\" sizes=\"auto, (max-width: 1024px) 100vw, 1024px\" \/><\/figure>\n\n\n\n<p><\/p>\n\n\n\n<figure class=\"wp-block-gallery has-nested-images columns-4 wp-block-gallery-1 is-layout-flex wp-block-gallery-is-layout-flex\">\n<figure class=\"wp-block-image size-full\"><img loading=\"lazy\" decoding=\"async\" width=\"2560\" height=\"1707\" data-id=\"480\" src=\"https:\/\/hof-holzweg.de\/wp-content\/uploads\/2025\/06\/13-IMG_7118-scaled.jpeg\" alt=\"\" class=\"wp-image-480\" srcset=\"https:\/\/hof-holzweg.de\/wp-content\/uploads\/2025\/06\/13-IMG_7118-scaled.jpeg 2560w, https:\/\/hof-holzweg.de\/wp-content\/uploads\/2025\/06\/13-IMG_7118-300x200.jpeg 300w, https:\/\/hof-holzweg.de\/wp-content\/uploads\/2025\/06\/13-IMG_7118-1024x683.jpeg 1024w, https:\/\/hof-holzweg.de\/wp-content\/uploads\/2025\/06\/13-IMG_7118-768x512.jpeg 768w, https:\/\/hof-holzweg.de\/wp-content\/uploads\/2025\/06\/13-IMG_7118-1536x1024.jpeg 1536w, https:\/\/hof-holzweg.de\/wp-content\/uploads\/2025\/06\/13-IMG_7118-2048x1365.jpeg 2048w, https:\/\/hof-holzweg.de\/wp-content\/uploads\/2025\/06\/13-IMG_7118-930x620.jpeg 930w\" sizes=\"auto, (max-width: 2560px) 100vw, 2560px\" \/><\/figure>\n\n\n\n<figure class=\"wp-block-image size-full\"><img loading=\"lazy\" decoding=\"async\" width=\"2560\" height=\"1920\" data-id=\"214\" src=\"https:\/\/hof-holzweg.de\/wp-content\/uploads\/2021\/02\/img_20201221_081631-scaled.jpg\" alt=\"Das Paddock mit einigen der neuen Bewohner des Reitstalls.\" class=\"wp-image-214\" srcset=\"https:\/\/hof-holzweg.de\/wp-content\/uploads\/2021\/02\/img_20201221_081631-scaled.jpg 2560w, https:\/\/hof-holzweg.de\/wp-content\/uploads\/2021\/02\/img_20201221_081631-300x225.jpg 300w, https:\/\/hof-holzweg.de\/wp-content\/uploads\/2021\/02\/img_20201221_081631-1024x768.jpg 1024w, https:\/\/hof-holzweg.de\/wp-content\/uploads\/2021\/02\/img_20201221_081631-768x576.jpg 768w, https:\/\/hof-holzweg.de\/wp-content\/uploads\/2021\/02\/img_20201221_081631-1536x1152.jpg 1536w, https:\/\/hof-holzweg.de\/wp-content\/uploads\/2021\/02\/img_20201221_081631-2048x1536.jpg 2048w\" sizes=\"auto, (max-width: 2560px) 100vw, 2560px\" \/><\/figure>\n\n\n\n<figure class=\"wp-block-image size-full\"><img loading=\"lazy\" decoding=\"async\" width=\"2560\" height=\"1707\" data-id=\"563\" src=\"https:\/\/hof-holzweg.de\/wp-content\/uploads\/2025\/09\/B4F6354D-2D28-49DB-9AA6-F9747CC40E29-2-scaled.jpeg\" alt=\"Padock vor dem \u00fcberdachten Longierzirkel\" class=\"wp-image-563\" srcset=\"https:\/\/hof-holzweg.de\/wp-content\/uploads\/2025\/09\/B4F6354D-2D28-49DB-9AA6-F9747CC40E29-2-scaled.jpeg 2560w, https:\/\/hof-holzweg.de\/wp-content\/uploads\/2025\/09\/B4F6354D-2D28-49DB-9AA6-F9747CC40E29-2-300x200.jpeg 300w, https:\/\/hof-holzweg.de\/wp-content\/uploads\/2025\/09\/B4F6354D-2D28-49DB-9AA6-F9747CC40E29-2-1024x683.jpeg 1024w, https:\/\/hof-holzweg.de\/wp-content\/uploads\/2025\/09\/B4F6354D-2D28-49DB-9AA6-F9747CC40E29-2-768x512.jpeg 768w, https:\/\/hof-holzweg.de\/wp-content\/uploads\/2025\/09\/B4F6354D-2D28-49DB-9AA6-F9747CC40E29-2-1536x1024.jpeg 1536w, https:\/\/hof-holzweg.de\/wp-content\/uploads\/2025\/09\/B4F6354D-2D28-49DB-9AA6-F9747CC40E29-2-2048x1365.jpeg 2048w, https:\/\/hof-holzweg.de\/wp-content\/uploads\/2025\/09\/B4F6354D-2D28-49DB-9AA6-F9747CC40E29-2-930x620.jpeg 930w\" sizes=\"auto, (max-width: 2560px) 100vw, 2560px\" \/><\/figure>\n\n\n\n<figure class=\"wp-block-image size-full\"><img loading=\"lazy\" decoding=\"async\" width=\"2560\" height=\"1920\" data-id=\"432\" src=\"https:\/\/hof-holzweg.de\/wp-content\/uploads\/2023\/10\/IMG_7958-Kopie-scaled.jpg\" alt=\"Pferde neben dem Stall an der Raufe 2023\" class=\"wp-image-432\" srcset=\"https:\/\/hof-holzweg.de\/wp-content\/uploads\/2023\/10\/IMG_7958-Kopie-scaled.jpg 2560w, https:\/\/hof-holzweg.de\/wp-content\/uploads\/2023\/10\/IMG_7958-Kopie-300x225.jpg 300w, https:\/\/hof-holzweg.de\/wp-content\/uploads\/2023\/10\/IMG_7958-Kopie-1024x768.jpg 1024w, https:\/\/hof-holzweg.de\/wp-content\/uploads\/2023\/10\/IMG_7958-Kopie-768x576.jpg 768w, https:\/\/hof-holzweg.de\/wp-content\/uploads\/2023\/10\/IMG_7958-Kopie-1536x1152.jpg 1536w, https:\/\/hof-holzweg.de\/wp-content\/uploads\/2023\/10\/IMG_7958-Kopie-2048x1536.jpg 2048w\" sizes=\"auto, (max-width: 2560px) 100vw, 2560px\" \/><\/figure>\n\n\n\n<figure class=\"wp-block-image size-full\"><img loading=\"lazy\" decoding=\"async\" width=\"1920\" height=\"2560\" data-id=\"343\" src=\"https:\/\/hof-holzweg.de\/wp-content\/uploads\/2022\/08\/14d735ca-38d3-4b90-8b96-acf6d6116f06-1-scaled.jpeg\" alt=\"\" class=\"wp-image-343\" srcset=\"https:\/\/hof-holzweg.de\/wp-content\/uploads\/2022\/08\/14d735ca-38d3-4b90-8b96-acf6d6116f06-1-scaled.jpeg 1920w, https:\/\/hof-holzweg.de\/wp-content\/uploads\/2022\/08\/14d735ca-38d3-4b90-8b96-acf6d6116f06-1-225x300.jpeg 225w, https:\/\/hof-holzweg.de\/wp-content\/uploads\/2022\/08\/14d735ca-38d3-4b90-8b96-acf6d6116f06-1-768x1024.jpeg 768w, https:\/\/hof-holzweg.de\/wp-content\/uploads\/2022\/08\/14d735ca-38d3-4b90-8b96-acf6d6116f06-1-1152x1536.jpeg 1152w, https:\/\/hof-holzweg.de\/wp-content\/uploads\/2022\/08\/14d735ca-38d3-4b90-8b96-acf6d6116f06-1-1536x2048.jpeg 1536w\" sizes=\"auto, (max-width: 1920px) 100vw, 1920px\" \/><\/figure>\n\n\n\n<figure class=\"wp-block-image size-full\"><img loading=\"lazy\" decoding=\"async\" width=\"1706\" height=\"2560\" data-id=\"476\" src=\"https:\/\/hof-holzweg.de\/wp-content\/uploads\/2025\/06\/9-IMG_7121-scaled.jpeg\" alt=\"\" class=\"wp-image-476\" srcset=\"https:\/\/hof-holzweg.de\/wp-content\/uploads\/2025\/06\/9-IMG_7121-scaled.jpeg 1706w, https:\/\/hof-holzweg.de\/wp-content\/uploads\/2025\/06\/9-IMG_7121-200x300.jpeg 200w, https:\/\/hof-holzweg.de\/wp-content\/uploads\/2025\/06\/9-IMG_7121-683x1024.jpeg 683w, https:\/\/hof-holzweg.de\/wp-content\/uploads\/2025\/06\/9-IMG_7121-768x1152.jpeg 768w, https:\/\/hof-holzweg.de\/wp-content\/uploads\/2025\/06\/9-IMG_7121-1024x1536.jpeg 1024w, https:\/\/hof-holzweg.de\/wp-content\/uploads\/2025\/06\/9-IMG_7121-1365x2048.jpeg 1365w\" sizes=\"auto, (max-width: 1706px) 100vw, 1706px\" \/><\/figure>\n\n\n\n<figure class=\"wp-block-image size-full\"><img loading=\"lazy\" decoding=\"async\" width=\"1920\" height=\"2560\" data-id=\"345\" src=\"https:\/\/hof-holzweg.de\/wp-content\/uploads\/2022\/08\/94e81f1c-5085-4f4c-8514-9fc148cf5d1d-1-scaled.jpeg\" alt=\"\" class=\"wp-image-345\" srcset=\"https:\/\/hof-holzweg.de\/wp-content\/uploads\/2022\/08\/94e81f1c-5085-4f4c-8514-9fc148cf5d1d-1-scaled.jpeg 1920w, https:\/\/hof-holzweg.de\/wp-content\/uploads\/2022\/08\/94e81f1c-5085-4f4c-8514-9fc148cf5d1d-1-225x300.jpeg 225w, https:\/\/hof-holzweg.de\/wp-content\/uploads\/2022\/08\/94e81f1c-5085-4f4c-8514-9fc148cf5d1d-1-768x1024.jpeg 768w, https:\/\/hof-holzweg.de\/wp-content\/uploads\/2022\/08\/94e81f1c-5085-4f4c-8514-9fc148cf5d1d-1-1152x1536.jpeg 1152w, https:\/\/hof-holzweg.de\/wp-content\/uploads\/2022\/08\/94e81f1c-5085-4f4c-8514-9fc148cf5d1d-1-1536x2048.jpeg 1536w\" sizes=\"auto, (max-width: 1920px) 100vw, 1920px\" \/><\/figure>\n\n\n\n<figure class=\"wp-block-image size-full\"><img loading=\"lazy\" decoding=\"async\" width=\"1707\" height=\"2560\" data-id=\"494\" src=\"https:\/\/hof-holzweg.de\/wp-content\/uploads\/2025\/06\/7-IMG_7123-scaled.jpeg\" alt=\"\" class=\"wp-image-494\" srcset=\"https:\/\/hof-holzweg.de\/wp-content\/uploads\/2025\/06\/7-IMG_7123-scaled.jpeg 1707w, https:\/\/hof-holzweg.de\/wp-content\/uploads\/2025\/06\/7-IMG_7123-200x300.jpeg 200w, https:\/\/hof-holzweg.de\/wp-content\/uploads\/2025\/06\/7-IMG_7123-683x1024.jpeg 683w, https:\/\/hof-holzweg.de\/wp-content\/uploads\/2025\/06\/7-IMG_7123-768x1152.jpeg 768w, https:\/\/hof-holzweg.de\/wp-content\/uploads\/2025\/06\/7-IMG_7123-1024x1536.jpeg 1024w, https:\/\/hof-holzweg.de\/wp-content\/uploads\/2025\/06\/7-IMG_7123-1365x2048.jpeg 1365w\" sizes=\"auto, (max-width: 1707px) 100vw, 1707px\" \/><\/figure>\n\n\n\n<figure class=\"wp-block-image size-full\"><img loading=\"lazy\" decoding=\"async\" width=\"1920\" height=\"1280\" data-id=\"553\" src=\"https:\/\/hof-holzweg.de\/wp-content\/uploads\/2025\/09\/1-F93FF41B-243F-491D-9508-FD7E9FCB1F86.jpeg\" alt=\"Neue \u00dcberdachung des Longierzirkels\" class=\"wp-image-553\" srcset=\"https:\/\/hof-holzweg.de\/wp-content\/uploads\/2025\/09\/1-F93FF41B-243F-491D-9508-FD7E9FCB1F86.jpeg 1920w, https:\/\/hof-holzweg.de\/wp-content\/uploads\/2025\/09\/1-F93FF41B-243F-491D-9508-FD7E9FCB1F86-300x200.jpeg 300w, https:\/\/hof-holzweg.de\/wp-content\/uploads\/2025\/09\/1-F93FF41B-243F-491D-9508-FD7E9FCB1F86-1024x683.jpeg 1024w, https:\/\/hof-holzweg.de\/wp-content\/uploads\/2025\/09\/1-F93FF41B-243F-491D-9508-FD7E9FCB1F86-768x512.jpeg 768w, https:\/\/hof-holzweg.de\/wp-content\/uploads\/2025\/09\/1-F93FF41B-243F-491D-9508-FD7E9FCB1F86-1536x1024.jpeg 1536w, https:\/\/hof-holzweg.de\/wp-content\/uploads\/2025\/09\/1-F93FF41B-243F-491D-9508-FD7E9FCB1F86-930x620.jpeg 930w\" sizes=\"auto, (max-width: 1920px) 100vw, 1920px\" \/><\/figure>\n\n\n\n<figure class=\"wp-block-image size-full\"><img loading=\"lazy\" decoding=\"async\" width=\"2560\" height=\"1920\" data-id=\"430\" src=\"https:\/\/hof-holzweg.de\/wp-content\/uploads\/2023\/10\/IMG_7955-Kopie-scaled.jpg\" alt=\"Paddock mit Esel und Pferden\" class=\"wp-image-430\" srcset=\"https:\/\/hof-holzweg.de\/wp-content\/uploads\/2023\/10\/IMG_7955-Kopie-scaled.jpg 2560w, https:\/\/hof-holzweg.de\/wp-content\/uploads\/2023\/10\/IMG_7955-Kopie-300x225.jpg 300w, https:\/\/hof-holzweg.de\/wp-content\/uploads\/2023\/10\/IMG_7955-Kopie-1024x768.jpg 1024w, https:\/\/hof-holzweg.de\/wp-content\/uploads\/2023\/10\/IMG_7955-Kopie-768x576.jpg 768w, https:\/\/hof-holzweg.de\/wp-content\/uploads\/2023\/10\/IMG_7955-Kopie-1536x1152.jpg 1536w, https:\/\/hof-holzweg.de\/wp-content\/uploads\/2023\/10\/IMG_7955-Kopie-2048x1536.jpg 2048w\" sizes=\"auto, (max-width: 2560px) 100vw, 2560px\" \/><\/figure>\n\n\n\n<figure class=\"wp-block-image size-full\"><img loading=\"lazy\" decoding=\"async\" width=\"2560\" height=\"1707\" data-id=\"482\" src=\"https:\/\/hof-holzweg.de\/wp-content\/uploads\/2025\/06\/15-BFDA0CBA-FE0E-4316-A4D8-A247772AB8D9-scaled.jpeg\" alt=\"\" class=\"wp-image-482\" srcset=\"https:\/\/hof-holzweg.de\/wp-content\/uploads\/2025\/06\/15-BFDA0CBA-FE0E-4316-A4D8-A247772AB8D9-scaled.jpeg 2560w, https:\/\/hof-holzweg.de\/wp-content\/uploads\/2025\/06\/15-BFDA0CBA-FE0E-4316-A4D8-A247772AB8D9-300x200.jpeg 300w, https:\/\/hof-holzweg.de\/wp-content\/uploads\/2025\/06\/15-BFDA0CBA-FE0E-4316-A4D8-A247772AB8D9-1024x683.jpeg 1024w, https:\/\/hof-holzweg.de\/wp-content\/uploads\/2025\/06\/15-BFDA0CBA-FE0E-4316-A4D8-A247772AB8D9-768x512.jpeg 768w, https:\/\/hof-holzweg.de\/wp-content\/uploads\/2025\/06\/15-BFDA0CBA-FE0E-4316-A4D8-A247772AB8D9-1536x1024.jpeg 1536w, https:\/\/hof-holzweg.de\/wp-content\/uploads\/2025\/06\/15-BFDA0CBA-FE0E-4316-A4D8-A247772AB8D9-2048x1366.jpeg 2048w, https:\/\/hof-holzweg.de\/wp-content\/uploads\/2025\/06\/15-BFDA0CBA-FE0E-4316-A4D8-A247772AB8D9-930x620.jpeg 930w\" sizes=\"auto, (max-width: 2560px) 100vw, 2560px\" \/><\/figure>\n\n\n\n<figure class=\"wp-block-image size-full\"><img loading=\"lazy\" decoding=\"async\" width=\"1920\" height=\"1416\" data-id=\"552\" src=\"https:\/\/hof-holzweg.de\/wp-content\/uploads\/2025\/09\/4-CA9E263D-C247-4CCE-A42C-39310FB9FB0C.jpeg\" alt=\"Neue \u00dcberdachung des Longierzirkels\" class=\"wp-image-552\" srcset=\"https:\/\/hof-holzweg.de\/wp-content\/uploads\/2025\/09\/4-CA9E263D-C247-4CCE-A42C-39310FB9FB0C.jpeg 1920w, https:\/\/hof-holzweg.de\/wp-content\/uploads\/2025\/09\/4-CA9E263D-C247-4CCE-A42C-39310FB9FB0C-300x221.jpeg 300w, https:\/\/hof-holzweg.de\/wp-content\/uploads\/2025\/09\/4-CA9E263D-C247-4CCE-A42C-39310FB9FB0C-1024x755.jpeg 1024w, https:\/\/hof-holzweg.de\/wp-content\/uploads\/2025\/09\/4-CA9E263D-C247-4CCE-A42C-39310FB9FB0C-768x566.jpeg 768w, https:\/\/hof-holzweg.de\/wp-content\/uploads\/2025\/09\/4-CA9E263D-C247-4CCE-A42C-39310FB9FB0C-1536x1133.jpeg 1536w\" sizes=\"auto, (max-width: 1920px) 100vw, 1920px\" \/><\/figure>\n<\/figure>\n\n\n\n<div style=\"height:30px\" aria-hidden=\"true\" class=\"wp-block-spacer\"><\/div>\n\n\n\n<figure class=\"wp-block-gallery has-nested-images columns-default is-cropped wp-block-gallery-2 is-layout-flex wp-block-gallery-is-layout-flex\">\n<figure class=\"wp-block-image size-large\"><img loading=\"lazy\" decoding=\"async\" width=\"1024\" height=\"683\" data-id=\"478\" src=\"https:\/\/hof-holzweg.de\/wp-content\/uploads\/2025\/06\/11-IMG_7129-1024x683.jpeg\" alt=\"\" class=\"wp-image-478\" srcset=\"https:\/\/hof-holzweg.de\/wp-content\/uploads\/2025\/06\/11-IMG_7129-1024x683.jpeg 1024w, https:\/\/hof-holzweg.de\/wp-content\/uploads\/2025\/06\/11-IMG_7129-300x200.jpeg 300w, https:\/\/hof-holzweg.de\/wp-content\/uploads\/2025\/06\/11-IMG_7129-768x512.jpeg 768w, https:\/\/hof-holzweg.de\/wp-content\/uploads\/2025\/06\/11-IMG_7129-1536x1024.jpeg 1536w, https:\/\/hof-holzweg.de\/wp-content\/uploads\/2025\/06\/11-IMG_7129-2048x1365.jpeg 2048w, https:\/\/hof-holzweg.de\/wp-content\/uploads\/2025\/06\/11-IMG_7129-930x620.jpeg 930w\" sizes=\"auto, (max-width: 1024px) 100vw, 1024px\" \/><\/figure>\n\n\n\n<figure class=\"wp-block-image size-large\"><img loading=\"lazy\" decoding=\"async\" width=\"1024\" height=\"683\" data-id=\"560\" src=\"https:\/\/hof-holzweg.de\/wp-content\/uploads\/2025\/09\/3-0FB10109-3F54-4B83-8453-ECCF056628AE-1024x683.jpeg\" alt=\"Blick auf den Hof Holzweg\" class=\"wp-image-560\" srcset=\"https:\/\/hof-holzweg.de\/wp-content\/uploads\/2025\/09\/3-0FB10109-3F54-4B83-8453-ECCF056628AE-1024x683.jpeg 1024w, https:\/\/hof-holzweg.de\/wp-content\/uploads\/2025\/09\/3-0FB10109-3F54-4B83-8453-ECCF056628AE-300x200.jpeg 300w, https:\/\/hof-holzweg.de\/wp-content\/uploads\/2025\/09\/3-0FB10109-3F54-4B83-8453-ECCF056628AE-768x512.jpeg 768w, https:\/\/hof-holzweg.de\/wp-content\/uploads\/2025\/09\/3-0FB10109-3F54-4B83-8453-ECCF056628AE-1536x1024.jpeg 1536w, https:\/\/hof-holzweg.de\/wp-content\/uploads\/2025\/09\/3-0FB10109-3F54-4B83-8453-ECCF056628AE-930x620.jpeg 930w, https:\/\/hof-holzweg.de\/wp-content\/uploads\/2025\/09\/3-0FB10109-3F54-4B83-8453-ECCF056628AE.jpeg 1920w\" sizes=\"auto, (max-width: 1024px) 100vw, 1024px\" \/><\/figure>\n<\/figure>\n\n\n\n<p><\/p>\n\n\n\n<h2 class=\"wp-block-heading\">Innenbereich und Sattelkammer<\/h2>\n\n\n\n<figure class=\"wp-block-image size-large\"><img loading=\"lazy\" decoding=\"async\" width=\"1024\" height=\"1024\" src=\"https:\/\/hof-holzweg.de\/wp-content\/uploads\/2025\/06\/Collage_2-3-1024x1024.jpg\" alt=\"Collage Innenraum Stall\" class=\"wp-image-505\" srcset=\"https:\/\/hof-holzweg.de\/wp-content\/uploads\/2025\/06\/Collage_2-3-1024x1024.jpg 1024w, https:\/\/hof-holzweg.de\/wp-content\/uploads\/2025\/06\/Collage_2-3-300x300.jpg 300w, https:\/\/hof-holzweg.de\/wp-content\/uploads\/2025\/06\/Collage_2-3-150x150.jpg 150w, https:\/\/hof-holzweg.de\/wp-content\/uploads\/2025\/06\/Collage_2-3-768x768.jpg 768w, https:\/\/hof-holzweg.de\/wp-content\/uploads\/2025\/06\/Collage_2-3-1536x1536.jpg 1536w, https:\/\/hof-holzweg.de\/wp-content\/uploads\/2025\/06\/Collage_2-3-2048x2048.jpg 2048w\" sizes=\"auto, (max-width: 1024px) 100vw, 1024px\" \/><\/figure>\n\n\n\n<p><\/p>\n\n\n\n<figure class=\"wp-block-gallery has-nested-images columns-2 is-cropped wp-block-gallery-3 is-layout-flex wp-block-gallery-is-layout-flex\">\n<figure class=\"wp-block-image size-large\"><img loading=\"lazy\" decoding=\"async\" width=\"1024\" height=\"678\" data-id=\"492\" src=\"https:\/\/hof-holzweg.de\/wp-content\/uploads\/2025\/06\/5-IMG_7107-1024x678.jpeg\" alt=\"\" class=\"wp-image-492\" srcset=\"https:\/\/hof-holzweg.de\/wp-content\/uploads\/2025\/06\/5-IMG_7107-1024x678.jpeg 1024w, https:\/\/hof-holzweg.de\/wp-content\/uploads\/2025\/06\/5-IMG_7107-300x199.jpeg 300w, https:\/\/hof-holzweg.de\/wp-content\/uploads\/2025\/06\/5-IMG_7107-768x509.jpeg 768w, https:\/\/hof-holzweg.de\/wp-content\/uploads\/2025\/06\/5-IMG_7107-1536x1018.jpeg 1536w, https:\/\/hof-holzweg.de\/wp-content\/uploads\/2025\/06\/5-IMG_7107-2048x1357.jpeg 2048w\" sizes=\"auto, (max-width: 1024px) 100vw, 1024px\" \/><\/figure>\n\n\n\n<figure class=\"wp-block-image size-large\"><img loading=\"lazy\" decoding=\"async\" width=\"768\" height=\"1024\" data-id=\"240\" src=\"https:\/\/hof-holzweg.de\/wp-content\/uploads\/2021\/03\/img_20210324_100857-768x1024.jpg\" alt=\"\" class=\"wp-image-240\" srcset=\"https:\/\/hof-holzweg.de\/wp-content\/uploads\/2021\/03\/img_20210324_100857-768x1024.jpg 768w, https:\/\/hof-holzweg.de\/wp-content\/uploads\/2021\/03\/img_20210324_100857-225x300.jpg 225w, https:\/\/hof-holzweg.de\/wp-content\/uploads\/2021\/03\/img_20210324_100857-1152x1536.jpg 1152w, https:\/\/hof-holzweg.de\/wp-content\/uploads\/2021\/03\/img_20210324_100857-1536x2048.jpg 1536w, https:\/\/hof-holzweg.de\/wp-content\/uploads\/2021\/03\/img_20210324_100857-scaled.jpg 1920w\" sizes=\"auto, (max-width: 768px) 100vw, 768px\" \/><\/figure>\n\n\n\n<figure class=\"wp-block-image size-large\"><img loading=\"lazy\" decoding=\"async\" width=\"1024\" height=\"683\" data-id=\"555\" src=\"https:\/\/hof-holzweg.de\/wp-content\/uploads\/2025\/09\/5-BD306230-F673-4062-9167-2F6E49E4B2F3-1024x683.jpeg\" alt=\"Der \u00fcberdachte Longierzirkel von Innen\" class=\"wp-image-555\" srcset=\"https:\/\/hof-holzweg.de\/wp-content\/uploads\/2025\/09\/5-BD306230-F673-4062-9167-2F6E49E4B2F3-1024x683.jpeg 1024w, https:\/\/hof-holzweg.de\/wp-content\/uploads\/2025\/09\/5-BD306230-F673-4062-9167-2F6E49E4B2F3-300x200.jpeg 300w, https:\/\/hof-holzweg.de\/wp-content\/uploads\/2025\/09\/5-BD306230-F673-4062-9167-2F6E49E4B2F3-768x512.jpeg 768w, https:\/\/hof-holzweg.de\/wp-content\/uploads\/2025\/09\/5-BD306230-F673-4062-9167-2F6E49E4B2F3-1536x1024.jpeg 1536w, https:\/\/hof-holzweg.de\/wp-content\/uploads\/2025\/09\/5-BD306230-F673-4062-9167-2F6E49E4B2F3-930x620.jpeg 930w, https:\/\/hof-holzweg.de\/wp-content\/uploads\/2025\/09\/5-BD306230-F673-4062-9167-2F6E49E4B2F3.jpeg 1920w\" sizes=\"auto, (max-width: 1024px) 100vw, 1024px\" \/><\/figure>\n\n\n\n<figure class=\"wp-block-image size-large\"><img loading=\"lazy\" decoding=\"async\" width=\"1024\" height=\"768\" data-id=\"556\" src=\"https:\/\/hof-holzweg.de\/wp-content\/uploads\/2025\/09\/PHOTO-2025-09-14-11-59-42-1024x768.jpg\" alt=\"Der \u00fcberdachte Longierzirkel von Innen\" class=\"wp-image-556\" srcset=\"https:\/\/hof-holzweg.de\/wp-content\/uploads\/2025\/09\/PHOTO-2025-09-14-11-59-42-1024x768.jpg 1024w, https:\/\/hof-holzweg.de\/wp-content\/uploads\/2025\/09\/PHOTO-2025-09-14-11-59-42-300x225.jpg 300w, https:\/\/hof-holzweg.de\/wp-content\/uploads\/2025\/09\/PHOTO-2025-09-14-11-59-42-768x576.jpg 768w, https:\/\/hof-holzweg.de\/wp-content\/uploads\/2025\/09\/PHOTO-2025-09-14-11-59-42-1536x1153.jpg 1536w, https:\/\/hof-holzweg.de\/wp-content\/uploads\/2025\/09\/PHOTO-2025-09-14-11-59-42.jpg 1599w\" sizes=\"auto, (max-width: 1024px) 100vw, 1024px\" \/><\/figure>\n<\/figure>\n\n\n\n<p><\/p>\n\n\n\n<p><\/p>\n","protected":false},"excerpt":{"rendered":"<p>Unser Hof bietet Einstellpl\u00e4tze f\u00fcr Pferde seit dem 01.12.2020. Orfgen liegt nahe an der B256 und wir befinden uns ca 14 km von der A3 und 23 km von A560 entfernt. Der Hof Holzweg ist ein Aussiedlerhof und bietet sch\u00f6nes, unbegrenztes Ausreitgel\u00e4nde \u00fcber die Feld- und Waldwege in der Umgebung. Die Pferde sind in einem&hellip;&nbsp;<a href=\"https:\/\/hof-holzweg.de\/index.php\/stellplatze-fur-pferde\/\" rel=\"bookmark\">Weiterlesen &raquo;<span class=\"screen-reader-text\">Stellpl\u00e4tze f\u00fcr Pferde<\/span><\/a><\/p>\n","protected":false},"author":2,"featured_media":0,"parent":0,"menu_order":0,"comment_status":"closed","ping_status":"closed","template":"","meta":{"neve_meta_sidebar":"","neve_meta_container":"","neve_meta_enable_content_width":"","neve_meta_content_width":0,"neve_meta_title_alignment":"","neve_meta_author_avatar":"","neve_post_elements_order":"","neve_meta_disable_header":"","neve_meta_disable_footer":"","neve_meta_disable_title":"","footnotes":""},"class_list":["post-60","page","type-page","status-publish","hentry"],"_links":{"self":[{"href":"https:\/\/hof-holzweg.de\/index.php\/wp-json\/wp\/v2\/pages\/60","targetHints":{"allow":["GET"]}}],"collection":[{"href":"https:\/\/hof-holzweg.de\/index.php\/wp-json\/wp\/v2\/pages"}],"about":[{"href":"https:\/\/hof-holzweg.de\/index.php\/wp-json\/wp\/v2\/types\/page"}],"author":[{"embeddable":true,"href":"https:\/\/hof-holzweg.de\/index.php\/wp-json\/wp\/v2\/users\/2"}],"replies":[{"embeddable":true,"href":"https:\/\/hof-holzweg.de\/index.php\/wp-json\/wp\/v2\/comments?post=60"}],"version-history":[{"count":25,"href":"https:\/\/hof-holzweg.de\/index.php\/wp-json\/wp\/v2\/pages\/60\/revisions"}],"predecessor-version":[{"id":565,"href":"https:\/\/hof-holzweg.de\/index.php\/wp-json\/wp\/v2\/pages\/60\/revisions\/565"}],"wp:attachment":[{"href":"https:\/\/hof-holzweg.de\/index.php\/wp-json\/wp\/v2\/media?parent=60"}],"curies":[{"name":"wp","href":"https:\/\/api.w.org\/{rel}","templated":true}]}}